- 5*a + 2*a = 407. What is the greatest common divisor of n and p?
26
Let h be (-6)/(-8) + (-181)/(-4). Suppose -345 - 46 = -17*l. Calculate the highest common divisor of l and h.
23
Suppose 125 = 5*s - 5*k, -38*s + 37*s - 2*k + 10 = 0. Suppose -s*g + 1971 = -11*g. Calculate the highest common divisor of g and 73.
73
Suppose -13*n = 1504 - 1634. What is the highest common factor of 535 and n?
5
Suppose -5*i + 13 = -4*d, -4*d + 24 = 3*i - d. Suppose -6*s = -i*s - 27. What is the highest common divisor of 18 and s?
9
Let o = -141 + 309. Calculate the greatest common factor of 60 and o.
12
Let s = 27276 - 26932. Calculate the highest common factor of 284 and s.
4
Suppose -6 = r - 1. Let k be r*(18/5)/(-3). Let z(g) = 54*g + 2508. Let h be z(-46). Calculate the highest common factor of k and h.
6
Let t(v) = 9*v - 99. Let d be t(11). Suppose -y = -2*p + 25, d = -3*p - 5*y + 2*y + 33. Calculate the highest common divisor of p and 282.
6
Let v be (-10)/(-5)*((-12)/(-18) - (-1762)/12). Calculate the greatest common divisor of v and 1829.
59
Let f(l) = -l**3 + 18*l**2 + 3*l - 40. Let a = -325 - -343. Let m be f(a). What is the greatest common divisor of m and 35?
7
Suppose -16 = -5*u + 3*s, 10 = u - 3*s + 2. Suppose 17*q - 315 = u*q. Calculate the greatest common factor of q and 15.
3
Suppose -s - t = t + 2, 5*s - 14 = -2*t. Suppose 3 = -r - 2*l + 23, -3*l + 72 = 3*r. What is the highest common factor of s and r?
4
Let i = 1084 + -1056. Let u(f) = -f**2 + 11*f + 4. Let g(t) = t**2 + 1. Let j be g(-3). Let l be u(j). Calculate the greatest common factor of i and l.
14
Suppose 0 = -3*c - 53 + 278. Let z = -45 + c. Suppose 5*u - 124 = -49. Calculate the highest common divisor of u and z.
15
Let n = 456 + -768. Let v = -305 - n. Let g be (-1)/(-4) + 111/4. What is the greatest common divisor of v and g?
7
Let d(j) = -j + 36. Let z be d(18). Let h be 3/(z/(-4)) - 58/3. Let m be ((-4 - h)*-1)/(-1). What is the greatest common factor of m and 48?
16
Let q be 6/6*(-1 + 1). Let h be q*-1*(-3)/(-9). Let t be -2 - (3 - (89 + h)). Calculate the highest common divisor of t and 21.
21
Suppose -4*u + 33909 = 5757. Suppose 20*b + 3*b - u = 0. Calculate the greatest common factor of 18 and b.
18
Suppose -5*m - 3*c + 54 = 0, 0 = -5*m + 6*m + c - 10. Suppose 23*r = m*r + 660. Let w = 46 - 22. What is the highest common factor of r and w?
12
Suppose -2*f + 4*t = -215 - 9, -3*t = 3*f - 291. Let l = -4181 + 4198. Calculate the greatest common factor of f and l.
17
Let t(h) = -219*h + 1199. Let j be t(0). What is the greatest common factor of j and 981?
109
Suppose -5*t - 3*s + 443 = 0, 2*t - 178 = -116*s + 115*s. Calculate the highest common factor of 910 and t.
91
Let c(a) = a**3 - 11*a**2 + 23*a + 56. Let z be c(6). What is the greatest common divisor of 1337 and z?
7
Let c(i) = i**3 + 54*i**2 + 393*i - 108. Let r be c(-45). What is the highest common factor of r and 128?
16
Suppose -a + 2*b + 3*b = -24, 4*a + 2*b - 8 = 0. Let p be 52/5 - a/10. Let i = 52 - -108. Calculate the highest common divisor of p and i.
10
Let h = 487 + -243. Let x = h - 44. Calculate the highest common factor of x and 280.
40
Let i = -5974 + 6328. What is the highest common factor of i and 18?
6
Let r(m) = 15*m + 4. Let s be r(4). Let g(v) = -9636*v - 47972. Let b be g(-5). Calculate the greatest common divisor of s and b.
16
Suppose -f = 3*f - 92. Suppose 12 + f = -d - 5*s, 44 = -d - 2*s. Let k = -8 - d. What is the highest common divisor of k and 14?
14
Let w be ((-72)/30)/((-51)/(-30) + -2). Let j(l) = -442*l - 2. Let o be j(-1). Suppose 4*r + o = 9*r. What is the highest common divisor of r and w?
8
Let l(i) = 12*i**3 - 4*i**2 + 5*i - 16. Let q be l(3). Let w = q + -215. What is the highest common factor of 63 and w?
9
Let q be (-15982)/(-5) + (-3 - (-156)/60). Calculate the greatest common divisor of q and 68.
68
Let d = 7994 + -6719. What is the highest common factor of d and 1050?
75
Suppose -91*v + 18 = -88*v. What is the greatest common factor of v and 32?
2
Suppose -3*n + 580 = -1244. Let s = -752040 + 752059. Calculate the greatest common factor of s and n.
19
Suppose 424 + 2976 = 85*d. What is the greatest common divisor of d and 1760?
40
Let b(m) = -6*m**3 - 23*m**2 - 12*m - 14. Let w be b(-5). Calculate the greatest common divisor of 182 and w.
13
Let s(h) = -h**2 - 74*h - 1008. Let z be s(-30). Calculate the highest common factor of 39 and z.
39
Suppose -27*j + 16572 + 285348 = 53*j. What is the greatest common factor of 3 and j?
3
Suppose -10*s - 49 = -19. Let g be ((-32)/s)/(-2)*-9. What is the highest common divisor of 60 and g?
12
Let w be (-143)/4 - 45/(-60). Let a be (-2)/(-6) - (-11)/((-231)/w). What is the greatest common factor of a and 18?
2
Let x(f) = -f**2 - 7*f + 10. Let z be x(-8). Suppose 4*l = l - z*l. Suppose l = -2*n - 25 + 61. Calculate the greatest common factor of n and 6.
6
Suppose 7*x + 23*x - 27931 - 32489 = 0. What is the highest common divisor of 424 and x?
106
Suppose -4*a + 5*t + 313 = -2*a, 4*a + t = 571. Suppose -a = 238*j - 244*j. What is the highest common factor of 192 and j?
24
Let k(f) = -417*f - 9108. Let r be k(-22). Suppose 0 = x + x - 858. Calculate the greatest common factor of r and x.
33
Let m = 20 - 11. Let x(r) = 2*r - 5. Let s be x(m). Let t(w) = 24*w**2 - 17*w - 15. Let b be t(-1). What is the highest common factor of s and b?
13
Let c be (0 - -270)*3/2. Let u = 714885 + -714723. What is the highest common factor of u and c?
81
Suppose -k + 29 = 2*n, 5*n - 138 + 25 = -4*k. What is the greatest common factor of 1143 and k?
9
Suppose -24*n - 4 = -25*n. Suppose 10*b + 120 = n*b. Let s = -8 - b. What is the highest common factor of 192 and s?
12
Suppose 2*p - 707 = k, 704 = 2*p + 7*k - 5*k. Let f = -81 + p. What is the highest common divisor of f and 32?
16
Let d = -21 + 14. Let z(w) = 4*w**2 - 2*w + 10. Let i be z(d). Suppose 97*c = -304*c + 8020. What is the highest common divisor of i and c?
20
Let h(g) = -g**3 - 2*g**2 - 32*g - 13. Let r be h(-11). Calculate the greatest common factor of 60 and r.
12
Let k = -22417 - -22969. What is the highest common divisor of k and 1863?
69
Suppose -3*d - 51 = c - 3*c, -2*d = -4*c + 122. Suppose 76*o + 7550 - 9830 - 25308 = 0. What is the greatest common divisor of c and o?
33
Suppose 2*h = -3*r + 35, -7*r - h = -144 + 44. Let l = 49 + -29. Calculate the highest common divisor of r and l.
5
Let u be (0 + 1)/((-2)/116). Suppose 2*c + 122 = 2*t, 7*t - 305 = 2*t - 5*c. Let m = t + u. What is the highest common divisor of m and 3?
3
Suppose -58*d + 54*d + f = -85889, -5*d - 2*f = -107358. What is the greatest common factor of d and 704?
352
Let c = -517 - -1496. What is the greatest common factor of 33 and c?
11
Suppose -2076*h - 11052 = -2078*h. What is the highest common factor of h and 36?
18
Suppose p = -3*p + 80. Suppose -18*x = -15*x - k - 57, 4*k = 0. Let d be 90/18 - -5*x. Calculate the highest common divisor of d and p.
20
Let w = -23 - -606. Let x = w + -539. What is the highest common factor of x and 143?
11
Suppose 0 = -6*q + 2*q + 852. Suppose 6*z = q + 69. What is the greatest common divisor of z and 47?
47
Let y(z) be the third derivative of -z**4/8 - z**3 - 12*z**2. Let f be y(-3). Suppose -7*c + 88 = -f*c. What is the highest common divisor of 77 and c?
11
Let m(z) be the first derivative of -71*z - z**2 + 34 + 40*z + 38*z. Let s be m(2). Calculate the greatest common factor of 24 and s.
3
Let x be ((-66)/(-231))/((-2)/(-350)). What is the greatest common factor of 17950 and x?
50
Suppose -11*q + 313 = 1765. Let j = 607 + q. Calculate the greatest common divisor of 19 and j.
19
Let s = 108 - 107. Let h = -5 - -5. Suppose h = 4*n - 28 - 12. What is the greatest common divisor of s and n?
1
Suppose -3*i - 19*i = 0. Suppose -8*u + 4633 - 393 = i. What is the highest common divisor of 10 and u?
10
Suppose 5*p - 13 = 2*l + 11, 4*l = 4*p - 24. Suppose p*x - 3*j - 1 - 54 = 0, -4*j - 20 = 0. Calculate the greatest common divisor of 20 and x.
10
Let k = 3516 + -3480. Suppose -3*u + 3*f = -4*u - 7, 4*u - 11 = f. Let t(m) = 13*m - 2. Let z be t(u). What is the highest common divisor of z and k?
12
Suppose 36*v = 37*v - z - 58, -3*v - 2*z = -164. Let m = 28 - 20. What is the highest common fact